hat is -a2367 + 5?
-a2362
In base 10, what is 0 + 31167?
31167
In base 12, what is 447105 - 0?
447105
In base 7, what is 1050650 - 4?
1050643
In base 4, what is -131 + 21200221?
21200030
In base 4, what is -11031 + -300201?
-311232
In base 10, what is -4 - -1519277?
1519273
In base 8, what is -35367 - 1?
-35370
In base 8, what is 70142 + 0?
70142
In base 13, what is -1187 + -14?
-119b
In base 10, what is -4 - 140428?
-140432
In base 6, what is 12531 + 13?
12544
In base 9, what is 243 - -1053?
1306
In base 5, what is -10 + -32104?
-32114
In base 3, what is -1020211012020 + 0?
-1020211012020
In base 13, what is -3864 + -14?
-3878
In base 8, what is -3 - 25005?
-25010
In base 4, what is 11103 - 30313?
-13210
In base 8, what is 1106223 - 2?
1106221
In base 11, what is 1954 + 19?
1972
In base 11, what is -557 + 120?
-437
In base 9, what is 5210 - 45?
5154
In base 15, what is 586 - 1e?
567
In base 10, what is -27 - 3625?
-3652
In base 16, what is -1f4 - 252?
-446
In base 7, what is -100 - 562355?
-562455
In base 11, what is -1173 + 13?
-1160
In base 2, what is -1 + 10011100000101000100?
10011100000101000011
In base 10, what is 0 - -206561?
206561
In base 7, what is 2003365 - 5?
2003360
In base 5, what is -132 - -114004?
113322
In base 16, what is 7f + -13a?
-bb
In base 16, what is 10 - 12?
-2
In base 7, what is 12266 + -146?
12120
In base 14, what is -29c9 - 2b?
-2a16
In base 9, what is 3 - 1532376?
-1532373
In base 13, what is 175225 - 3?
175222
In base 9, what is 187 + -8081?
-7783
In base 5, what is 1001 - 333344?
-332343
In base 3, what is 1001010122 - 1?
1001010121
In base 14, what is -7 - 3ca?
-3d3
In base 3, what is 0 + -2110001?
-2110001
In base 7, what is -3 - 165520?
-165523
In base 9, what is -861 + 506?
-354
In base 16, what is 5 - -18cf?
18d4
In base 11, what is 0 + 424a6?
424a6
In base 8, what is -21634 + -2?
-21636
In base 7, what is 1146 - -10000?
11146
In base 16, what is -84 + -30b?
-38f
In base 13, what is 111 - -389?
49a
In base 13, what is 4 + -3c868?
-3c864
In base 2, what is 10111 + 1001001100001001?
1001001100100000
In base 15, what is -52 - -e0e?
dac
In base 14, what is -4a1a - 29?
-4a45
In base 15, what is -9e5 + -8?
-9ed
In base 4, what is 131232022123 + 0?
131232022123
In base 4, what is 11221 + -10120?
1101
In base 16, what is -d0298 - 0?
-d0298
In base 5, what is -102 + 1143233?
1143131
In base 15, what is 2 + -8714?
-8712
In base 10, what is 5 + 376000?
376005
In base 13, what is -10a385 + 5?
-10a380
In base 10, what is 20916 - 16?
20900
In base 6, what is 1 - -315541?
315542
In base 12, what is -a8 + 5bb?
513
In base 2, what is 110000 + -11010000101?
-11001010101
In base 3, what is -10221021220 - 20?
-10221022010
In base 7, what is -106455 - -25?
-106430
In base 14, what is -208 + -c0c?
-1016
In base 16, what is -45 + -ea8?
-eed
In base 3, what is 11002001101 + -12?
11002001012
In base 15, what is 6 - -a?
11
In base 11, what is -117203 - 10?
-117213
In base 9, what is 56536 - -14?
56551
In base 11, what is -4 - 9906?
-990a
In base 8, what is -251 + 635?
364
In base 8, what is 12574 - 24?
12550
In base 5, what is 112313 - -100?
112413
In base 10, what is 198353 - -2?
198355
In base 13, what is 356 + 6a1?
a27
In base 11, what is -729166 - -2?
-729164
In base 4, what is -3 + 1300111303?
1300111300
In base 16, what is 2f + 1d8?
207
In base 14, what is 4 - -9b688?
9b68c
In base 4, what is -2 + 23331112?
23331110
In base 13, what is -5 - 21004?
-21009
In base 8, what is -3 + 167611?
167606
In base 7, what is 1042 + -2?
1040
In base 13, what is -1 + -3069b?
-3069c
In base 6, what is -2 - -2122113?
2122111
In base 14, what is 5b5 - -42b?
a02
In base 6, what is -10342 - 3032?
-13414
In base 10, what is -207 - -78?
-129
In base 4, what is -303 + 13232?
12323
In base 6, what is -2 - 114141?
-114143
In base 13, what is -20 + -673?
-693
In base 4, what is 20302223 - -1?
20302230
In base 3, what is 22 + 110?
202
In base 8, what is -17 - 212416?
-212435
In base 14, what is d05c - 5?
d057
In base 15, what is -179a + 2b3?
-14d7
In base 10, what is 329 + -591?
-262
In base 15, what is -12875 + -1?
-12876
In base 12, what is -9 + 167bba?
167bb1
In base 15, what is -2 - -d123?
d121
In base 10, what is 28 - 292909?
-292881
In base 2, what is 1000110111 - -10010001?
1011001000
In base 3, what is 22110102011 + 11?
22110102022
In base 13, what is 0 + -596a?
-596a
In base 15, what is 50 + 6d2?
732
In base 3, what is 10212020 + 0?
10212020
In base 15, what is -ed3 - 20?
-1003
In base 3, what is 11122020 - 11?
11122002
In base 16, what is -116d + -3b?
-11a8
In base 9, what is -15337 - -88?
-15238
In base 15, what is -17 - -e?
-8
In base 7, what is 242036 + -1?
242035
In base 4, what is 10 - 1100113321?
-1100113311
In base 15, what is -b425 + 2?
-b423
In base 11, what is 171485 + -1?
171484
In base 4, what is -111210 - 11213?
-123023
In base 7, what is 15 + -156616?
-156601
In base 7, what is -352 - 35465?
-36150
In base 10, what is -45726 + -22?
-45748
In base 5, what is 4 - -1230120?
1230124
In base 12, what is -93a1 + -59?
-943a
In base 9, what is -176 - -1845?
1658
In base 8, what is -2 - -1256560?
1256556
In base 7, what is 3 - -15514035?
15514041
In base 4, what is -1 + 233233210?
233233203
In base 5, what is 2402223 - 0?
2402223
In base 16, what is 0 + -16a0a?
-16a0a
In base 2, what is 10010 - -110111?
1001001
In base 7, what is -1022264 - 12?
-1022306
In base 8, what is -154041 + 212?
-153627
In base 10, what is -9 - -8408?
8399
In base 8, what is -160571 + -5?
-160576
In base 7, what is 640002 + -12?
636660
In base 2, what is 11101111001 - -1101110011?
101011101100
In base 15, what is -1a3ba4 - 1?
-1a3ba5
In base 16, what is 170d6 - -2?
170d8
In base 13, what is 5 + 22cb4?
22cb9
In base 3, what is 220120222 - 12?
220120210
In base 12, what is -3 - 4a60?
-4a63
In base 2, what is -100111001111101001 - 101?
-100111001111101110
In base 11, what is 1786 + -371?
1415
In base 4, what is -133111103 + 0?
-133111103
In base 4, what is 322 + -3300313?
-3233331
In base 9, what is -373 + -18752?
-20235
In base 3, what is 10011 - -10121?
20202
In base 16, what is 14 - -16dd?
16f1
In base 5, what is 141 + -13112?
-12421
In base 16, what is 1ab0 - 12?
1a9e
In base 12, what is -1 - -25262?
25261
In base 6, what is 1043 - -143?
1230
In base 2, what is -101100001001 - -10010011?
-101001110110
In base 3, what is -2020112111 - -2?
-2020112102
In base 3, what is -12 + -1200112002?
-1200112021
In base 8, what is 252764 + -5?
252757
In base 8, what is -63 - -6720?
6635
In base 14, what is -11 + 5a5?
594
In base 2, what is 101010010011 + 1111000010?
111001010101
In base 9, what is -43 + 1824?
1771
In base 8, what is -25 + -40244?
-40271
In base 12, what is -3 - -506355?
506352
In base 16, what is -5 + 5f618?
5f613
In base 5, what is -31 + 20324?
20243
In base 15, what is 3c + -84?
-47
In base 8, what is 1473226 + -11?
1473215
In base 16, what is 0 - 999?
-999
In base 3, what is 122110120111101 - -12?
122110120111120
In base 16, what is -16ceb + 1?
-16cea
In base 11, what is 521934 + 4?
521938
In base 9, what is 30511 + 17?
30528
In base 14, what is -3 - 1bcb5a?
-1bcb5d
In base 7, what is 25 - -232210?
232235
In base 2, what is 101010010011101010 + -100?
101010010011100110
In base 11, what is -7 - -9775?
9769
In base 5, what is -2411143 - -13?
-2411130
In base 15, what is -5 + 6a6b?
6a66
In base 14, what is 19ba5 - -4?
19ba9
In base 7, what is 3151 + 102?
3253
In base 7, what is -3 - -331223?
331220
In base 13, what is 1 - 1b833?
-1b832
In base 16, what is -4 + -4a85?
-4a89
In base 8, what is -2 + -6435?
-6437
In base 6, what is 10 - -3134535?
3134545
In base 4, what is -10 + -1121031?
-1121101
In base 3, what is 122 - -22120001202?
22120002101
In base 8, what is 7 + 1774?
2003
In base 4, what is -31020 - -1131?
-23223
In base 14, what is 459a + 7?
45a3
In base 3, what is 2022102021 - 0?
2022102021
In base 3, what is 221000120021 - 11?
221000120010
In base 12, what is -18a96 + 0?
-18a96
In base 9, what is -730 + 6058?
5228
In base 14, what is a - -977c?
9788
In base 11, what is 2aa - -322?
621
In base 11, what is -6a - -5885?
5816
In base 4, what is 223 - 311121?
-310232
In base 4, what is -11013 + 2113?
-2300
In base 2, what is 11001000001000101100010 - 10